e factors of 275785?
5, 19, 2903
What are the prime factors of 31143102?
2, 3, 199, 26083
List the prime factors of 4817935.
5, 43, 22409
List the prime factors of 6675191.
29, 43, 53, 101
List the prime factors of 7837213.
7837213
List the prime factors of 7522676.
2, 7, 5483
What are the prime factors of 2644032?
2, 3, 47, 293
What are the prime factors of 15993445?
5, 13, 197, 1249
List the prime factors of 180348.
2, 3, 7, 19, 113
List the prime factors of 116361.
3, 7, 1847
What are the prime factors of 365188?
2, 91297
What are the prime factors of 5411?
7, 773
What are the prime factors of 88427?
88427
List the prime factors of 443489.
443489
List the prime factors of 396179.
7, 56597
What are the prime factors of 823196?
2, 11, 53, 353
List the prime factors of 172933.
172933
List the prime factors of 779645.
5, 211, 739
What are the prime factors of 189206?
2, 94603
List the prime factors of 843342.
2, 3, 140557
What are the prime factors of 316217?
11, 17, 19, 89
What are the prime factors of 35545322?
2, 17772661
What are the prime factors of 22923605?
5, 4584721
List the prime factors of 132711.
3, 31, 1427
List the prime factors of 1137696.
2, 3, 7, 1693
List the prime factors of 63345.
3, 5, 41, 103
What are the prime factors of 3853400?
2, 5, 19267
What are the prime factors of 1274018?
2, 211, 3019
List the prime factors of 630164.
2, 257, 613
List the prime factors of 6755826.
2, 3, 7, 11, 2089
List the prime factors of 2591094.
2, 3, 11, 43, 83
List the prime factors of 922695.
3, 5, 137, 449
What are the prime factors of 24782682?
2, 3, 1093, 3779
What are the prime factors of 2323?
23, 101
What are the prime factors of 561796?
2, 140449
List the prime factors of 1152320.
2, 5, 13, 277
What are the prime factors of 31667385?
3, 5, 2111159
What are the prime factors of 2748516?
2, 3, 227, 1009
List the prime factors of 5660686.
2, 1051, 2693
What are the prime factors of 324316?
2, 89, 911
List the prime factors of 37094209.
271, 136879
List the prime factors of 17109977.
17109977
List the prime factors of 328089.
3, 109363
List the prime factors of 450453.
3, 150151
List the prime factors of 835833.
3, 278611
List the prime factors of 9978476.
2, 47, 53077
List the prime factors of 586292.
2, 7, 20939
What are the prime factors of 837275?
5, 107, 313
List the prime factors of 12920719.
7, 409, 4513
List the prime factors of 356415.
3, 5, 23761
List the prime factors of 157152.
2, 3, 1637
What are the prime factors of 291675?
3, 5, 3889
List the prime factors of 3362418.
2, 3, 71, 877
What are the prime factors of 1424525?
5, 19, 2999
What are the prime factors of 2337490?
2, 5, 23, 10163
What are the prime factors of 1943471?
43, 45197
List the prime factors of 1189934.
2, 227, 2621
List the prime factors of 5583521.
5583521
List the prime factors of 57600.
2, 3, 5
What are the prime factors of 205038?
2, 3, 3797
List the prime factors of 1492198.
2, 746099
List the prime factors of 14494788.
2, 3, 7, 11, 83
What are the prime factors of 598383?
3, 17, 3911
What are the prime factors of 2152151?
757, 2843
What are the prime factors of 1066315?
5, 213263
What are the prime factors of 267631?
7, 13, 17, 173
What are the prime factors of 9400445?
5, 23, 43, 1901
What are the prime factors of 280533?
3, 11, 8501
What are the prime factors of 211329?
3, 2609
List the prime factors of 1830339.
3, 7, 17, 1709
What are the prime factors of 2701336?
2, 11, 30697
What are the prime factors of 10392552?
2, 3, 144341
List the prime factors of 449255.
5, 19, 4729
List the prime factors of 13068206.
2, 17, 384359
What are the prime factors of 203995?
5, 11, 3709
List the prime factors of 1171874.
2, 11, 53267
List the prime factors of 12467077.
7, 883, 2017
List the prime factors of 1233254.
2, 11, 29, 1933
What are the prime factors of 5198505?
3, 5, 13, 53, 503
What are the prime factors of 71359?
71359
List the prime factors of 5854800.
2, 3, 5, 7, 17, 41
What are the prime factors of 2191896?
2, 3, 7, 4349
What are the prime factors of 1261568?
2, 7, 11
What are the prime factors of 264603?
3, 193, 457
What are the prime factors of 1579657?
17, 92921
What are the prime factors of 2000182?
2, 31, 32261
What are the prime factors of 193881?
3, 64627
List the prime factors of 3608944.
2, 211, 1069
What are the prime factors of 2587650?
2, 3, 5, 13, 1327
List the prime factors of 3298461.
3, 1099487
List the prime factors of 230471.
230471
What are the prime factors of 158961?
3, 11, 4817
What are the prime factors of 29051?
11, 19, 139
List the prime factors of 31441024.
2, 17, 14449
List the prime factors of 2706480.
2, 3, 5, 7, 179
List the prime factors of 5305422.
2, 3, 809, 1093
What are the prime factors of 24707705?
5, 11, 457, 983
List the prime factors of 544944.
2, 3, 11353
What are the prime factors of 5401908?
2, 3, 150053
List the prime factors of 214327.
79, 2713
What are the prime factors of 23808078?
2, 3, 7, 188953
What are the prime factors of 21342154?
2, 1423, 7499
What are the prime factors of 587259?
3, 23, 2837
List the prime factors of 163149.
3, 7, 17, 457
What are the prime factors of 670393?
29, 23117
What are the prime factors of 6523881?
3, 7, 13, 23, 1039
What are the prime factors of 858789?
3, 17, 1871
What are the prime factors of 372494?
2, 186247
What are the prime factors of 6265952?
2, 7, 11, 2543
What are the prime factors of 4585?
5, 7, 131
What are the prime factors of 6531866?
2, 11, 367, 809
What are the prime factors of 629224?
2, 78653
What are the prime factors of 1904720?
2, 5, 29, 821
What are the prime factors of 12656977?
2161, 5857
List the prime factors of 2845150.
2, 5, 7, 11, 739
List the prime factors of 3173949.
3, 352661
List the prime factors of 922062.
2, 3, 239, 643
List the prime factors of 88950.
2, 3, 5, 593
List the prime factors of 413634.
2, 3, 13, 5303
List the prime factors of 17427667.
17427667
What are the prime factors of 409764?
2, 3, 34147
List the prime factors of 1403900.
2, 5, 101, 139
List the prime factors of 6731464.
2, 31, 27143
What are the prime factors of 11025?
3, 5, 7
What are the prime factors of 147325?
5, 71, 83
List the prime factors of 429883.
53, 8111
List the prime factors of 163930.
2, 5, 13, 97
What are the prime factors of 293408?
2, 53, 173
What are the prime factors of 88275?
3, 5, 11, 107
What are the prime factors of 642650?
2, 5, 12853
List the prime factors of 56859.
3, 11, 1723
What are the prime factors of 3399940?
2, 5, 139, 1223
List the prime factors of 201008.
2, 17, 739
What are the prime factors of 23373668?
2, 997, 5861
What are the prime factors of 523013?
19, 27527
List the prime factors of 566998.
2, 19, 43, 347
What are the prime factors of 343913?
343913
List the prime factors of 7639073.
13, 587621
What are the prime factors of 1779239?
7, 11, 3301
What are the prime factors of 171804?
2, 3, 103, 139
List the prime factors of 148900.
2, 5, 1489
List the prime factors of 27627.
3, 9209
What are the prime factors of 122477?
122477
What are the prime factors of 568985?
5, 113797
What are the prime factors of 537213?
3, 331, 541
What are the prime factors of 9535682?
2, 13, 19, 97, 199
What are the prime factors of 3878592?
2, 3, 20201
What are the prime factors of 6608154?
2, 3, 7, 43, 3659
List the prime factors of 3966514.
2, 1983257
What are the prime factors of 9149436?
2, 3, 9413
List the prime factors of 2746366.
2, 7, 196169
List the prime factors of 207512.
2, 25939
What are the prime factors of 11961502?
2, 7, 113, 7561
What are the prime factors of 177345?
3, 5, 7, 563
List the prime factors of 624198.
2, 3, 104033
List the prime factors of 23653537.
19, 1244923
What are the prime factors of 114671?
114671
What are the prime factors of 593339?
229, 2591
List the prime factors of 409135.
5, 47, 1741
What are the prime factors of 693182?
2, 7, 67, 739
List the prime factors of 1760526.
2, 3, 47, 2081
List the prime factors of 9691821.
3, 1076869
What are the prime factors of 2141408?
2, 66919
List the prime factors of 941656.
2, 31, 3797
What are the prime factors of 1947680?
2, 5, 7, 37, 47
List the prime factors of 613481.
11, 43, 1297
What are the prime factors of 16227961?
179, 90659
List the prime factors of 9